 what is 3 - -32?
40
In base 12, what is -3 + 52?
4b
In base 3, what is 12 - -12?
101
In base 11, what is -7 + 10?
4
In base 2, what is -1010 + 11110101?
11101011
In base 8, what is -37 - 74?
-133
In base 9, what is 21 + 5?
26
In base 4, what is 120 + 1221?
2001
In base 10, what is 120 - 52?
68
In base 8, what is 2 + 25?
27
In base 2, what is 101 - 100011000?
-100010011
In base 9, what is 3 - -61?
64
In base 5, what is 21131 + 3?
21134
In base 16, what is -4d - -1?
-4c
In base 16, what is e99 - 3?
e96
In base 12, what is 21a9a - 4?
21a96
In base 12, what is -4 + 55?
51
In base 3, what is 12 + -1012?
-1000
In base 8, what is -2323 - 0?
-2323
In base 7, what is 46 - -245?
324
In base 11, what is -4 + -159?
-162
In base 10, what is 519 - -17?
536
In base 15, what is 75 + 19?
8e
In base 5, what is 3 - 11232?
-11224
In base 8, what is 14 + 11?
25
In base 10, what is -90 + 47?
-43
In base 13, what is 1 + -115?
-114
In base 10, what is 1 - -3549?
3550
In base 4, what is 10 + 2002?
2012
In base 11, what is -1 + -2086?
-2087
In base 6, what is 55510 + -3?
55503
In base 14, what is 21a - -21?
23b
In base 8, what is -1 + 3113?
3112
In base 11, what is 4 + -30a?
-306
In base 12, what is 5406 - -2?
5408
In base 14, what is b + b?
18
In base 11, what is 8672 - 2?
8670
In base 5, what is -2331 + 11?
-2320
In base 6, what is -1225 + 0?
-1225
In base 13, what is -186 - 0?
-186
In base 2, what is 10 + -1010?
-1000
In base 3, what is -12212 + 1222?
-10220
In base 16, what is -af - -6?
-a9
In base 16, what is -44 + 3?
-41
In base 5, what is 0 + 2234?
2234
In base 15, what is -154 + 1?
-153
In base 12, what is -34a + 2?
-348
In base 12, what is 5 - 19?
-14
In base 8, what is 7 - -3021?
3030
In base 8, what is 4 + -5?
-1
In base 2, what is 11 - -110101110?
110110001
In base 15, what is -15b + 3?
-158
In base 2, what is 11001111001 - -101?
11001111110
In base 8, what is 1 - -1626?
1627
In base 5, what is -1122 + 4?
-1113
In base 16, what is -54 + -5?
-59
In base 10, what is 151 + -13?
138
In base 16, what is -203 + -6?
-209
In base 6, what is -2 - -54?
52
In base 16, what is -b - -11?
6
In base 6, what is -22 + -12?
-34
In base 16, what is -2353 + -4?
-2357
In base 12, what is 3b - 4?
37
In base 9, what is -1 + 3?
2
In base 2, what is 1111100110 + 100?
1111101010
In base 13, what is 18b + 2?
190
In base 16, what is 1c - -10?
2c
In base 8, what is -2 + 1057?
1055
In base 3, what is 2 + 10222200?
10222202
In base 14, what is -135 + -6?
-13b
In base 2, what is 100011101 + 101?
100100010
In base 16, what is a - -b08?
b12
In base 12, what is 386 + 1?
387
In base 15, what is 2 - 34?
-32
In base 15, what is -a + 1?
-9
In base 8, what is -76 - 0?
-76
In base 8, what is -2 + -16?
-20
In base 9, what is 1518 - 0?
1518
In base 14, what is -2 - -141?
13d
In base 12, what is b8b + 0?
b8b
In base 9, what is 4 + 2646?
2651
In base 4, what is -10 + 12?
2
In base 11, what is -3 - 17a1?
-17a4
In base 10, what is -4 - 38?
-42
In base 15, what is 9 + -18e?
-185
In base 13, what is 3 + 15?
18
In base 10, what is -2093 - 2?
-2095
In base 9, what is -6 - 204?
-211
In base 12, what is -56 - 255?
-2ab
In base 11, what is 966 + -5?
961
In base 12, what is 42 - -3?
45
In base 11, what is -12 + 1?
-11
In base 12, what is 87 - 1a?
69
In base 13, what is 12b4 + 2?
12b6
In base 13, what is 2 - 64?
-62
In base 11, what is 4 + 167?
170
In base 15, what is -26 - 13?
-39
In base 8, what is -11 - 77?
-110
In base 10, what is 990 - -4?
994
In base 16, what is -c - -4?
-8
In base 16, what is 19 + -4?
15
In base 9, what is 80 + 4?
84
In base 14, what is -1b0b + -4?
-1b11
In base 3, what is -22122 + -121?
-100020
In base 14, what is 1 - 1ba?
-1b9
In base 11, what is 4 + 233?
237
In base 2, what is -101 - -110111011010?
110111010101
In base 10, what is 0 + -29?
-29
In base 5, what is 3033 - 4?
3024
In base 2, what is 100000 - 0?
100000
In base 5, what is -31330 + 31?
-31244
In base 6, what is 1551 - -1?
1552
In base 6, what is -30 - -35?
5
In base 16, what is -2 - -20?
1e
In base 8, what is 7 + -26?
-17
In base 5, what is -20 - -144?
124
In base 11, what is 853 - 2?
851
In base 11, what is 87a - -3?
882
In base 15, what is -1 - -231?
230
In base 13, what is 95 + -11?
84
In base 3, what is 221 + -201212?
-200221
In base 15, what is bd - 16?
a7
In base 13, what is -3 + 1b?
18
In base 7, what is 4 - 165?
-161
In base 9, what is -40 - 26?
-66
In base 8, what is -6 - 5?
-13
In base 8, what is 41 + 5?
46
In base 5, what is 1233 - 20?
1213
In base 2, what is -11101100 - -11101?
-11001111
In base 4, what is -30 + -20?
-110
In base 15, what is -b + -5e?
-6a
In base 12, what is 751 - 4?
749
In base 16, what is 60 + a?
6a
In base 9, what is 1 - -55?
56
In base 11, what is 1695 - 5?
1690
In base 4, what is -111102 + -3?
-111111
In base 4, what is -123201 + 1?
-123200
In base 9, what is -343 - -3?
-340
In base 16, what is 38 - 20?
18
In base 6, what is 1 - 43254?
-43253
In base 9, what is 130 - 70?
50
In base 13, what is 59 - 0?
59
In base 5, what is -11214 + 3?
-11211
In base 12, what is -1756 + 7?
-174b
In base 11, what is 3425 - -4?
3429
In base 12, what is -5 - 77?
-80
In base 9, what is -770 + 12?
-757
In base 4, what is -1 - 11123?
-11130
In base 4, what is 21221 - 20?
21201
In base 14, what is 28 - -28c?
2b6
In base 9, what is 201 - -7?
208
In base 5, what is 2 + 33?
40
In base 15, what is 1 + 2c?
2d
In base 9, what is -5 - 36?
-42
In base 10, what is 5621 - 1?
5620
In base 15, what is -b - -b?
0
In base 5, what is -10 + 12014?
12004
In base 4, what is 321 + 11?
332
In base 5, what is -3144 + 10?
-3134
In base 7, what is -14323 + 0?
-14323
In base 11, what is -4 + 3650?
3647
In base 9, what is 387 + 5?
403
In base 8, what is -5 - -116?
111
In base 16, what is -2 + -14?
-16
In base 15, what is -4 + 13?
e
In base 9, what is -153 + -5?
-158
In base 12, what is -20b6 + 4?
-20b2
In base 10, what is -8586 - -5?
-8581
In base 13, what is -17 + -25a?
-274
In base 13, what is -1c + 2?
-1a
In base 13, what is a2 - 5?
9a
In base 4, what is -13110 + 1?
-13103
In base 7, what is -2123 - -1?
-2122
In base 3, what is 1 + -212?
-211
In base 7, what is 12 + 554?
566
In base 9, what is -5 + 16?
11
In base 5, what is 413 + 0?
413
In base 10, what is 10 - -83?
93
In base 15, what is -8 + -18?
-21
In base 16, what is c7 + 8a?
151
In base 11, what is -3 + -25?
-28
In base 9, what is 3 - -42?
45
In base 6, what is 111 + -4?
103
In base 3, what is 1001 + -10?
221
In base 8, what is 4 - 35?
-31
In base 11, what is 3 + 3a?
42
In base 9, what is 41 - -4?
45
In base 5, what is 1 + -10412?
-10411
In base 14, what is 78 - -4?
7c
In base 10, what is -281 + -4?
-285
In base 3, what is 0 + 1121?
1121
In base 15, what is 0 + -16?
-16
In base 15, what is -26 - b?
-32
In base 11, what is -4a - -16?
-34
In base 5, what is -10 + 24402?
24342
In base 4, what is 1100 + 30?
1130
In base 5, what is 13120 + -4?
13111
In base 16, what is -3 + -3ea?
-3ed
In base 8, what is -5 - 105?
-112
In base 7, what is -456 - -24?
-432
In base 7, what is -33021 + 0?
-33021
In base 16, what is -d - d?
-1a
In base 15, what is -17a + -9?
-184
In base 9, what is -48 + 236?
177
In base 7, what is 164 - -2?
166
In base 13, what is -6 - 96?
-9c
In base 2, what is -1000 + 10100001?
10011001
In base 3, what is -21221 + 112?
-21102
In base 4, what is 1 - 1003?
-1002
In base 14, what is -d8 + 2b?
-ab
In base 10, what is 51 + -2?
49
In base 16, what is -3db - -3?
-3d8
In base 5, what is -1111 - -23?
-1033
In base 6, what is -103 + -3?
-110
In base 4, what is 11 - -3002?
3013
In base 5, what is -400 + 31?
-314
In base 16, what is 1 - -41?
42
In base 15, what is -14a - -10?
-13a
In base 8, what is -2151 - 0?
-2151
In base 9, what is 25 + 3?
28
In base 4, what is -111020 + -10?
-111030
In base 15, what is 1 + 1c6?
1c7
In base 13, what is -548 + -4?
-54c
In base 3, what is -1 - -10101112?
10101111
In base 11, what is -2 - -46?
44
In base 5, what is -10 + 210?
200
In base 12, what is bbb + 8?
1007
In base 11, what is 152 + -16?
137
In base 5, what is 10 - 121323?
-121313
In base 12, what is 37 - 177?
-140
In base 4, what is 3130 + 0?
3130
In base 6, what is -4 + -12?
-20
In base 12, what is -3 + -14?
-17
In base 6, what is -524 + -3?
-531
In base 5, what is -44 - 44?
-143
In base 